 - 6*q + 56. What is u(-7)?
-392
Let j(m) = 65*m**3 + m**2 - 1. Determine j(1).
65
Let z(g) = -356*g - 1318. Calculate z(-4).
106
Let p(g) = 2*g**3 + 14*g**2 + 48*g + 135. Determine p(-6).
-81
Let h(t) = 205*t + 1421. Give h(-7).
-14
Let g(s) = 19*s - 732. Give g(38).
-10
Let m(d) = d**3 - 4*d**2 - 22*d - 30. Calculate m(-2).
-10
Let l(p) = 130*p - 8181. Give l(63).
9
Let h(b) = -2*b**3 + 4*b**2 + 24. Calculate h(3).
6
Let g(f) = -f**3 - 44*f**2 + 47*f + 8. Give g(-45).
-82
Let l(t) = 925*t - 8292. What is l(9)?
33
Let r(p) = 4*p**3 + 5*p**2 - 2*p + 9. What is r(5)?
624
Let u(j) = -149*j - 95. Determine u(-2).
203
Let f(g) = 2*g**2 + 55*g - 367. Give f(-33).
-4
Let z(w) = -7*w + 100. Determine z(4).
72
Let j(c) = -146*c + 405. Determine j(3).
-33
Let h(d) = -3*d**2 + 42*d - 105. Calculate h(12).
-33
Let h(p) = p**3 + 34*p**2 - 110*p - 4. Determine h(-37).
-41
Let i(x) = -351*x - 4561. Calculate i(-13).
2
Let x(a) = -7*a**3 + 2*a**2 - 521*a - 8. Calculate x(0).
-8
Let o(u) = -28*u**2 + 753*u + 69. What is o(27)?
-12
Let h(g) = -g**3 + 9*g**2 + 14*g - 19. Give h(8).
157
Let s(w) = -237*w - 3780. Give s(-16).
12
Let h(q) = -9*q**3 - 9*q**2 - 12*q - 1. Calculate h(-1).
11
Let a(g) = g**3 - 102*g**2 + 299*g - 77. Determine a(99).
121
Let w(b) = 2*b**3 - 13*b**2 + 11*b - 112. Calculate w(7).
14
Let c(d) = 27*d - 109. Give c(14).
269
Let g(l) = 2*l**3 - 23*l**2 - 12*l - 2. Give g(12).
-2
Let y(v) = -8*v**3 + 8*v**2 + 24*v + 27. Determine y(-2).
75
Let k(h) = 2*h**3 + 9*h**2 - 36*h - 114. Give k(-5).
41
Let v(x) = -x - 29. Give v(28).
-57
Let m(h) = h**3 - 44*h**2 + h - 27. What is m(44)?
17
Let q(p) = p**3 - 75*p**2 - 6. Calculate q(75).
-6
Let o(m) = -40*m + 594. Give o(15).
-6
Let b(i) = -4*i**2 - 8*i + 1016. Calculate b(-17).
-4
Let t(n) = 76*n**2 - 37*n - 78. Calculate t(-2).
300
Let o(m) = m - 10. Determine o(71).
61
Let s(r) = -112*r**2 + 11*r + 27. Determine s(-2).
-443
Let i(y) = -612*y + 9866. Give i(16).
74
Let j(o) = -512*o + 5154. Give j(10).
34
Let r(s) = s**2 - 946*s + 4733. Determine r(5).
28
Let d(b) = 9*b + 98. Give d(21).
287
Let f(l) = -5*l**2 + 402*l - 654. Determine f(79).
-101
Let i(w) = 16*w**3 + 4*w**2 - 7*w + 2. Calculate i(1).
15
Let q(k) = -k**3 - 12*k**2 + 44*k + 644. Determine q(-10).
4
Let d(a) = a**2 - 22*a + 42. Calculate d(12).
-78
Let b(u) = 5*u - 277. Determine b(-7).
-312
Let w(x) = 119*x + 9636. Give w(-81).
-3
Let r(m) = -m**2 + 252*m - 15881. Give r(120).
-41
Let k(x) = -92*x + 8149. Determine k(90).
-131
Let i(r) = -5*r**2 + r + 1. Calculate i(2).
-17
Let n(a) = 325*a + 3804. What is n(-12)?
-96
Let u(k) = -192*k + 4800. Calculate u(25).
0
Let g(t) = t**3 + 67*t**2 + 1106*t + 159. Determine g(-38).
7
Let f(t) = -4*t**2 - 200*t - 569. Calculate f(-3).
-5
Let b(k) = k**3 + 27*k**2 + 145*k - 253. Give b(-12).
167
Let f(k) = 3*k**2 + 42*k - 719. What is f(13)?
334
Let i(f) = -12*f**3 - 118*f**2 + 32*f + 158. What is i(-10)?
38
Let q(m) = 20*m**2 - 9*m - 1. Calculate q(-2).
97
Let m(u) = -293*u - 17283. Give m(-59).
4
Let d(q) = -q**3 + 121*q**2 + 401*q - 3584. Give d(124).
12
Let l(x) = 804*x - 17750. Calculate l(22).
-62
Let r(d) = -d**3 + 164*d**2 + 491*d + 1690. Give r(167).
20
Let r(h) = h**3 - 8*h**2 + 4*h + 16. Calculate r(5).
-39
Let i(h) = 7*h**3 - 4*h**2 - 32*h + 73. What is i(2)?
49
Let i(v) = 21*v**3 + 2*v**2 - 10*v + 9. Give i(1).
22
Let m(k) = 72*k + 294. Give m(-5).
-66
Let b(l) = 5*l**2 - 2*l + 24. Calculate b(-3).
75
Let k(q) = -47*q + 106. Determine k(8).
-270
Let d(m) = -m**3 + 17*m**2 - 34*m - 5. Calculate d(0).
-5
Let n(k) = -6*k**2 - 3158*k - 24880. Give n(-8).
0
Let j(t) = -144*t - 45. Calculate j(-2).
243
Let c(u) = -815*u - 32589. Determine c(-40).
11
Let c(z) = -z**2 + 104*z + 780. Determine c(111).
3
Let u(t) = -88*t - 433. Give u(-6).
95
Let z(w) = -2*w**2 + 51*w + 267. Determine z(31).
-74
Let f(v) = -3*v**3 - 48*v**2 - 4*v - 1. Calculate f(-16).
63
Let y(g) = 236*g + 6848. What is y(-29)?
4
Let y(h) = 2*h**3 + 3*h**2 - 11*h + 15. Calculate y(2).
21
Let g(l) = 263*l + 5792. Calculate g(-22).
6
Let r(q) = -2*q**3 + 8*q**2 + 69*q + 109. Give r(9).
-80
Let g(u) = 4*u**2 - 73*u + 299. Determine g(12).
-1
Let o(q) = -q**3 - 11*q**2 + 27*q - 4. Determine o(-13).
-17
Let a(b) = b**3 - 45*b**2 - 44*b - 88. Calculate a(46).
4
Let n(s) = s**2 + 60*s - 778. Determine n(-71).
3
Let s(j) = j**2 - 6*j + 32. What is s(5)?
27
Let c(r) = -2*r**2 + 18. What is c(-6)?
-54
Let i(w) = -33*w - 224. What is i(7)?
-455
Let w(v) = 84*v - 189. Determine w(1).
-105
Let x(y) = -2*y**3 + 66*y**2 - 189*y + 26. Calculate x(30).
-244
Let n(s) = s**3 + 9*s**2 - 22*s - 80. Calculate n(-12).
-248
Let n(g) = 2*g**3 + 51*g**2 + 4*g - 527. Give n(-25).
-2
Let o(k) = 9*k**3 - 20*k**2 + 3*k + 20. Give o(4).
288
Let a(t) = -20*t**2 + 7*t + 9. Give a(1).
-4
Let o(q) = -6*q**3 + 4*q**2 - 2*q + 3. Determine o(2).
-33
Let m(d) = 1040*d + 5190. Give m(-5).
-10
Let a(p) = 3*p**3 + 70*p**2 + 18*p - 91. What is a(-23)?
24
Let k(l) = -9*l**2 + 60*l - 60. What is k(4)?
36
Let x(n) = 8*n**2 - 752*n + 60. Give x(94).
60
Let d(i) = -i**3 + 2*i**2 + i - 5. What is d(5)?
-75
Let w(g) = 11*g - 134. What is w(11)?
-13
Let d(b) = -105*b + 3. Calculate d(-2).
213
Let r(x) = -1350*x - 40503. Determine r(-30).
-3
Let i(t) = -224*t - 1130. Calculate i(-5).
-10
Let n(q) = -902*q + 1798. What is n(2)?
-6
Let t(c) = -79*c + 1491. Determine t(20).
-89
Let u(p) = -12*p - 838. What is u(-68)?
-22
Let l(n) = -11*n**3 + 3*n**2 - 2*n. Give l(1).
-10
Let b(h) = -54*h + 84. Calculate b(3).
-78
Let p(w) = -180*w + 1. Give p(0).
1
Let q(o) = -o**3 - 12*o**2 - 31*o - 12. Calculate q(-5).
-32
Let v(q) = 41*q - 4844. Determine v(118).
-6
Let x(z) = -12*z + 167. Give x(22).
-97
Let i(l) = 177*l + 7366. What is i(-42)?
-68
Let g(t) = 6*t + 81. Give g(6).
117
Let m(c) = 60167*c + 300829. Determine m(-5).
-6
Let f(l) = -2*l**3 + 146*l**2 + 146*l + 153. Give f(74).
5
Let c(v) = -160*v - 6995. Calculate c(-44).
45
Let a(k) = 5*k**3 - 122*k**2 + 59*k - 2. What is a(24)?
262
Let f(m) = -4*m**2 - 94*m + 596. Determine f(6).
-112
Let i(d) = -6784*d - 6781. Give i(-1).
3
Let p(m) = m**2 - 2754*m + 16479. Give p(6).
-9
Let p(y) = 10*y + 60. Give p(-2).
40
Let g(z) = -4*z**2 - 162*z + 4518. Give g(19).
-4
Let w(m) = -12*m**3 + 274*m**2 + 46*m - 6. Determine w(23).
-6
Let h(c) = -3*c**2 - 34*c + 5369. Determine h(37).
4
Let i(m) = -1387*m + 34678. Give i(25).
3
Let m(x) = x**3 + 23*x**2 - 32*x - 400. Calculate m(-24).
-208
Let b(a) = -a**3 + 9*a**2 + 65*a + 50. Give b(14).
-20
Let h(s) = 2*s**2 + 97*s + 11. Determine h(-49).
60
Let o(r) = -4*r**3 + 27*r**2 + 77*r + 16. What is o(9)?
-20
Let h(p) = -p**3 + 72*p**2 + 61*p - 4492. Calculate h(72).
-100
Let u(g) = g**3 + 31*g**2 - 10*g - 123. Calculate u(-31).
187
Let w(j) = -1201*j - 21622. Calculate w(-18).
-4
Let v(l) = 3*l**2 - 228*l - 1156. Calculate v(-5).
59
Let x(f) = 13*f**2 - 165*f + 21. Calculate x(13).
73
Let b(w) = -2*w**3 - 28*w**2 - 5*w - 31. Calculate b(-14).
39
Let z(w) = 19*w**2 - 1219*w + 98. Calculate z(64).
-94
Let q(k) = -2*k**3 + 22*k**2 - 55*k - 1. Give q(8).
-57
Let i(u) = 87*u + 1750. Determine i(-20).
10
Let u(k) = -15*k - 642. Determine u(-46).
48
Let r(x) = 6*x**2 + 48*x - 17. Calculate r(-9).
37
Let x(u) = -11*u - 464. What is x(8)?
-552
Let w(f) = f**3 - 26*f**2 + 148*f + 147. Determine w(12).
-93
Let p(w) = -3422*w + 13684. Calculate p(4).
-4
Let l(c) = -35*c + 245. What is l(11)?
-140
Let l(c) = 39*c + 265. What is l(-7)?
-8
Let b(q) = 17*q - 1312. Determine b(70).
-122
Let y(n) = -n**2 + 33*n + 20. Give y(24).
236
Let x(c) = -c**3 + 5*c**2 + 8*c - 16. Give x(7).
-58
Let q(a) = a**3 - 12*a**2 + 21*a - 78. What is q(5)?
-148
Let h(a) = 59*a**2 - 9*a + 14. Give h(2).
232
Let g(q) = -q**2 + 23*q + 166. Give g(34).
-208
Let n(h) = 3*h**3 - 2*h**2 - h + 167. Determine n(0).
167
Let x(u) = -6*u**2 - 251*u - 151. Calculate x(-42).
-193
Let r(j) = j**2 + 12*j - 67. Calculate r(-16).
-3
Let y(b) = 2*b**3 - b**2 - 5*b + 3. Determine y(3).
33
Let h(a) = -7*a - 267. Calculate h(-39).
6
Let o(r) = 2*r**3 - 9*r**2 + 5*r + 5. What is o(4)?
9
Let x(o) = o**2 + 47*o - 46. Give x(-48).
2
Let m(v) = v**2 - 9*v - 34. Give m(-9).
128
Let u(t) = -28*t**2 - 10*t - 3. Determine u(-2).
-95
Let h(l) = -l**3 - 13*l**2 + 5